{"id":616,"date":"2025-03-14T13:52:11","date_gmt":"2025-03-14T12:52:11","guid":{"rendered":"https:\/\/2lpublicidad.com\/?page_id=616"},"modified":"2025-10-09T19:13:20","modified_gmt":"2025-10-09T18:13:20","slug":"legal-notice","status":"publish","type":"page","link":"https:\/\/2lpublicidad.com\/en\/legal-notice\/","title":{"rendered":"Legal Notice"},"content":{"rendered":"<p class=\"has-text-align-left\">El presente Aviso Legal regula el uso del servicio del portal de Internet con direcci\u00f3n , cuyo responsable a efectos identificativos es:<\/p><ul class=\"wp-block-list\"><li><strong>Responsable:<\/strong> MAR\u00cdA DOLORES P\u00c9REZ JIM\u00c9NEZ<\/li>\n\n<li><strong>NIF: <\/strong>15484236S<\/li>\n\n<li><strong>Direcci\u00f3n:<\/strong> C\/ TAIBILLA N\u00ba23<\/li>\n\n<li><strong>Tel\u00e9fono:<\/strong> 638932393<\/li>\n\n<li><strong>Mail<\/strong>: info@2lpublicidad.com<\/li><\/ul><p class=\"has-text-align-left\"><br><strong>Legislaci\u00f3n<\/strong>:<br>Con car\u00e1cter general las relaciones entre MAR\u00cdA DOLORES P\u00c9REZ JIM\u00c9NEZ con los Usuarios de sus servicios telem\u00e1ticos, presentes en la web, se encuentran sometidas a la legislaci\u00f3n y jurisdicci\u00f3n espa\u00f1olas.<br>Las partes renuncian expresamente al fuero que les pudiera corresponder y someten expresamente a los Juzgados y Tribunales de MURCIA para resolver cualquier controversia que pudiera surgir en la interpretaci\u00f3n o ejecuci\u00f3n de las presentes condiciones contractuales.<\/p><p class=\"has-text-align-left\"><strong>Contenido y Uso<\/strong>:<br>El Usuario queda informado, y acepta, que el acceso a la presente web no supone, en modo alguno, el inicio de una relaci\u00f3n comercial con MAR\u00cdA DOLORES P\u00c9REZ JIM\u00c9NEZ. El titular del web no se identifica con las opiniones vertidas en el mismo por sus colaboradores. La Empresa se reserva el derecho de efectuar sin previo aviso las modificaciones que considere oportunas en su Web, pudiendo cambiar, suprimir o a\u00f1adir tanto los contenidos y servicios que se presten a trav\u00e9s de la misma como la forma en la que \u00e9stos aparezcan presentados o localizados en sus servidores.<\/p><p class=\"has-text-align-left\"><strong>Propiedad intelectual e industrial:<\/strong><br>Los derechos de propiedad intelectual del contenido de las p\u00e1ginas web, su dise\u00f1o gr\u00e1fico y c\u00f3digos son titularidad de MAR\u00cdA DOLORES P\u00c9REZ JIM\u00c9NEZ y, por tanto, queda prohibida su reproducci\u00f3n, distribuci\u00f3n, comunicaci\u00f3n p\u00fablica, transformaci\u00f3n o cualquier otra actividad que se pueda realizar con los contenidos de sus p\u00e1ginas web ni aun citando las fuentes, salvo consentimiento por escrito de MAR\u00cdA DOLORES P\u00c9REZ JIM\u00c9NEZ Todos los nombres comerciales, marcas o signos distintos de cualquier clase contenidos en las p\u00e1ginas web de la Empresa son propiedad de sus due\u00f1os y est\u00e1n protegidos por ley.<\/p><p class=\"has-text-align-left\"><strong>Enlaces (Links):<\/strong><br>La presencia de enlaces (links) en las p\u00e1ginas web de MAR\u00cdA DOLORES P\u00c9REZ JIM\u00c9NEZ tiene finalidad meramente informativa y en ning\u00fan caso supone sugerencia, invitaci\u00f3n o recomendaci\u00f3n sobre los mismos.<\/p><p><\/p>","protected":false},"excerpt":{"rendered":"<p>El presente Aviso Legal regula el uso del servicio del portal de Internet con direcci\u00f3n , cuyo responsable a efectos identificativos es: Legislaci\u00f3n:Con car\u00e1cter general las relaciones entre MAR\u00cdA DOLORES P\u00c9REZ JIM\u00c9NEZ con los Usuarios de sus servicios telem\u00e1ticos, presentes en la web, se encuentran sometidas a la legislaci\u00f3n y jurisdicci\u00f3n espa\u00f1olas.Las partes renuncian expresamente&hellip;<\/p>","protected":false},"author":2,"featured_media":0,"parent":0,"menu_order":0,"comment_status":"closed","ping_status":"closed","template":"wp-custom-template-empty","meta":{"footnotes":""},"class_list":["post-616","page","type-page","status-publish","hentry"],"yoast_head":"<!-- This site is optimized with the Yoast SEO plugin v25.1 - https:\/\/yoast.com\/wordpress\/plugins\/seo\/ -->\n<title>Legal Notice - 2L Publicidad<\/title>\n<meta name=\"robots\" content=\"index, follow, max-snippet:-1, max-image-preview:large, max-video-preview:-1\" \/>\n<link rel=\"canonical\" href=\"https:\/\/2lpublicidad.com\/en\/legal-notice\/\" \/>\n<meta property=\"og:locale\" content=\"en_GB\" \/>\n<meta property=\"og:type\" content=\"article\" \/>\n<meta property=\"og:title\" content=\"Legal Notice - 2L Publicidad\" \/>\n<meta property=\"og:description\" content=\"El presente Aviso Legal regula el uso del servicio del portal de Internet con direcci\u00f3n , cuyo responsable a efectos identificativos es: Legislaci\u00f3n:Con car\u00e1cter general las relaciones entre MAR\u00cdA DOLORES P\u00c9REZ JIM\u00c9NEZ con los Usuarios de sus servicios telem\u00e1ticos, presentes en la web, se encuentran sometidas a la legislaci\u00f3n y jurisdicci\u00f3n espa\u00f1olas.Las partes renuncian expresamente&hellip;\" \/>\n<meta property=\"og:url\" content=\"https:\/\/2lpublicidad.com\/en\/legal-notice\/\" \/>\n<meta property=\"og:site_name\" content=\"2L Publicidad\" \/>\n<meta property=\"article:publisher\" content=\"https:\/\/www.facebook.com\/imayupublicidad\" \/>\n<meta property=\"article:modified_time\" content=\"2025-10-09T18:13:20+00:00\" \/>\n<meta name=\"twitter:card\" content=\"summary_large_image\" \/>\n<meta name=\"twitter:label1\" content=\"Estimated reading time\" \/>\n\t<meta name=\"twitter:data1\" content=\"2 minutes\" \/>\n<script type=\"application\/ld+json\" class=\"yoast-schema-graph\">{\"@context\":\"https:\/\/schema.org\",\"@graph\":[{\"@type\":\"WebPage\",\"@id\":\"https:\/\/2lpublicidad.com\/legal-notice\/\",\"url\":\"https:\/\/2lpublicidad.com\/legal-notice\/\",\"name\":\"Legal Notice - 2L Publicidad\",\"isPartOf\":{\"@id\":\"https:\/\/2lpublicidad.com\/#website\"},\"datePublished\":\"2025-03-14T12:52:11+00:00\",\"dateModified\":\"2025-10-09T18:13:20+00:00\",\"breadcrumb\":{\"@id\":\"https:\/\/2lpublicidad.com\/legal-notice\/#breadcrumb\"},\"inLanguage\":\"en-GB\",\"potentialAction\":[{\"@type\":\"ReadAction\",\"target\":[\"https:\/\/2lpublicidad.com\/legal-notice\/\"]}]},{\"@type\":\"BreadcrumbList\",\"@id\":\"https:\/\/2lpublicidad.com\/legal-notice\/#breadcrumb\",\"itemListElement\":[{\"@type\":\"ListItem\",\"position\":1,\"name\":\"Home\",\"item\":\"https:\/\/2lpublicidad.com\/\"},{\"@type\":\"ListItem\",\"position\":2,\"name\":\"Legal Notice\"}]},{\"@type\":\"WebSite\",\"@id\":\"https:\/\/2lpublicidad.com\/#website\",\"url\":\"https:\/\/2lpublicidad.com\/\",\"name\":\"2L Publicidad\",\"description\":\"Dise\u00f1o &amp; Publicidad\",\"publisher\":{\"@id\":\"https:\/\/2lpublicidad.com\/#organization\"},\"potentialAction\":[{\"@type\":\"SearchAction\",\"target\":{\"@type\":\"EntryPoint\",\"urlTemplate\":\"https:\/\/2lpublicidad.com\/?s={search_term_string}\"},\"query-input\":{\"@type\":\"PropertyValueSpecification\",\"valueRequired\":true,\"valueName\":\"search_term_string\"}}],\"inLanguage\":\"en-GB\"},{\"@type\":\"Organization\",\"@id\":\"https:\/\/2lpublicidad.com\/#organization\",\"name\":\"2L Publicidad\",\"url\":\"https:\/\/2lpublicidad.com\/\",\"logo\":{\"@type\":\"ImageObject\",\"inLanguage\":\"en-GB\",\"@id\":\"https:\/\/2lpublicidad.com\/#\/schema\/logo\/image\/\",\"url\":\"https:\/\/2lpublicidad.com\/wp-content\/uploads\/2025\/02\/2L-DEFINITIVO-03.jpg\",\"contentUrl\":\"https:\/\/2lpublicidad.com\/wp-content\/uploads\/2025\/02\/2L-DEFINITIVO-03.jpg\",\"width\":2362,\"height\":2362,\"caption\":\"2L Publicidad\"},\"image\":{\"@id\":\"https:\/\/2lpublicidad.com\/#\/schema\/logo\/image\/\"},\"sameAs\":[\"https:\/\/www.facebook.com\/imayupublicidad\",\"https:\/\/www.instagram.com\/2lpublicidad\"]}]}<\/script>\n<!-- \/ Yoast SEO plugin. -->","yoast_head_json":{"title":"Legal Notice - 2L Publicidad","robots":{"index":"index","follow":"follow","max-snippet":"max-snippet:-1","max-image-preview":"max-image-preview:large","max-video-preview":"max-video-preview:-1"},"canonical":"https:\/\/2lpublicidad.com\/en\/legal-notice\/","og_locale":"en_GB","og_type":"article","og_title":"Legal Notice - 2L Publicidad","og_description":"El presente Aviso Legal regula el uso del servicio del portal de Internet con direcci\u00f3n , cuyo responsable a efectos identificativos es: Legislaci\u00f3n:Con car\u00e1cter general las relaciones entre MAR\u00cdA DOLORES P\u00c9REZ JIM\u00c9NEZ con los Usuarios de sus servicios telem\u00e1ticos, presentes en la web, se encuentran sometidas a la legislaci\u00f3n y jurisdicci\u00f3n espa\u00f1olas.Las partes renuncian expresamente&hellip;","og_url":"https:\/\/2lpublicidad.com\/en\/legal-notice\/","og_site_name":"2L Publicidad","article_publisher":"https:\/\/www.facebook.com\/imayupublicidad","article_modified_time":"2025-10-09T18:13:20+00:00","twitter_card":"summary_large_image","twitter_misc":{"Estimated reading time":"2 minutes"},"schema":{"@context":"https:\/\/schema.org","@graph":[{"@type":"WebPage","@id":"https:\/\/2lpublicidad.com\/legal-notice\/","url":"https:\/\/2lpublicidad.com\/legal-notice\/","name":"Legal Notice - 2L Publicidad","isPartOf":{"@id":"https:\/\/2lpublicidad.com\/#website"},"datePublished":"2025-03-14T12:52:11+00:00","dateModified":"2025-10-09T18:13:20+00:00","breadcrumb":{"@id":"https:\/\/2lpublicidad.com\/legal-notice\/#breadcrumb"},"inLanguage":"en-GB","potentialAction":[{"@type":"ReadAction","target":["https:\/\/2lpublicidad.com\/legal-notice\/"]}]},{"@type":"BreadcrumbList","@id":"https:\/\/2lpublicidad.com\/legal-notice\/#breadcrumb","itemListElement":[{"@type":"ListItem","position":1,"name":"Home","item":"https:\/\/2lpublicidad.com\/"},{"@type":"ListItem","position":2,"name":"Legal Notice"}]},{"@type":"WebSite","@id":"https:\/\/2lpublicidad.com\/#website","url":"https:\/\/2lpublicidad.com\/","name":"2L Publicidad","description":"Dise\u00f1o &amp; Publicidad","publisher":{"@id":"https:\/\/2lpublicidad.com\/#organization"},"potentialAction":[{"@type":"SearchAction","target":{"@type":"EntryPoint","urlTemplate":"https:\/\/2lpublicidad.com\/?s={search_term_string}"},"query-input":{"@type":"PropertyValueSpecification","valueRequired":true,"valueName":"search_term_string"}}],"inLanguage":"en-GB"},{"@type":"Organization","@id":"https:\/\/2lpublicidad.com\/#organization","name":"2L Publicidad","url":"https:\/\/2lpublicidad.com\/","logo":{"@type":"ImageObject","inLanguage":"en-GB","@id":"https:\/\/2lpublicidad.com\/#\/schema\/logo\/image\/","url":"https:\/\/2lpublicidad.com\/wp-content\/uploads\/2025\/02\/2L-DEFINITIVO-03.jpg","contentUrl":"https:\/\/2lpublicidad.com\/wp-content\/uploads\/2025\/02\/2L-DEFINITIVO-03.jpg","width":2362,"height":2362,"caption":"2L Publicidad"},"image":{"@id":"https:\/\/2lpublicidad.com\/#\/schema\/logo\/image\/"},"sameAs":["https:\/\/www.facebook.com\/imayupublicidad","https:\/\/www.instagram.com\/2lpublicidad"]}]}},"_links":{"self":[{"href":"https:\/\/2lpublicidad.com\/en\/wp-json\/wp\/v2\/pages\/616","targetHints":{"allow":["GET"]}}],"collection":[{"href":"https:\/\/2lpublicidad.com\/en\/wp-json\/wp\/v2\/pages"}],"about":[{"href":"https:\/\/2lpublicidad.com\/en\/wp-json\/wp\/v2\/types\/page"}],"author":[{"embeddable":true,"href":"https:\/\/2lpublicidad.com\/en\/wp-json\/wp\/v2\/users\/2"}],"replies":[{"embeddable":true,"href":"https:\/\/2lpublicidad.com\/en\/wp-json\/wp\/v2\/comments?post=616"}],"version-history":[{"count":2,"href":"https:\/\/2lpublicidad.com\/en\/wp-json\/wp\/v2\/pages\/616\/revisions"}],"predecessor-version":[{"id":831,"href":"https:\/\/2lpublicidad.com\/en\/wp-json\/wp\/v2\/pages\/616\/revisions\/831"}],"wp:attachment":[{"href":"https:\/\/2lpublicidad.com\/en\/wp-json\/wp\/v2\/media?parent=616"}],"curies":[{"name":"wp","href":"https:\/\/api.w.org\/{rel}","templated":true}]}}

<p class="has-text-align-left">El presente Aviso Legal regula el uso del servicio del portal de Internet con dirección , cuyo responsable a efectos identificativos es:</p><ul class="wp-block-list"><li><strong>Responsable:</strong> MARÍA DOLORES PÉREZ JIMÉNEZ</li>

<li><strong>NIF: </strong>15484236S</li>

<li><strong>Dirección:</strong> C/ TAIBILLA Nº23</li>

<li><strong>Teléfono:</strong> 638932393</li>

<li><strong>Mail</strong>: info@2lpublicidad.com</li></ul><p class="has-text-align-left"><br><strong>Legislación</strong>:<br>Con carácter general las relaciones entre MARÍA DOLORES PÉREZ JIMÉNEZ con los Usuarios de sus servicios telemáticos, presentes en la web, se encuentran sometidas a la legislación y jurisdicción españolas.<br>Las partes renuncian expresamente al fuero que les pudiera corresponder y someten expresamente a los Juzgados y Tribunales de MURCIA para resolver cualquier controversia que pudiera surgir en la interpretación o ejecución de las presentes condiciones contractuales.</p><p class="has-text-align-left"><strong>Contenido y Uso</strong>:<br>El Usuario queda informado, y acepta, que el acceso a la presente web no supone, en modo alguno, el inicio de una relación comercial con MARÍA DOLORES PÉREZ JIMÉNEZ. El titular del web no se identifica con las opiniones vertidas en el mismo por sus colaboradores. La Empresa se reserva el derecho de efectuar sin previo aviso las modificaciones que considere oportunas en su Web, pudiendo cambiar, suprimir o añadir tanto los contenidos y servicios que se presten a través de la misma como la forma en la que éstos aparezcan presentados o localizados en sus servidores.</p><p class="has-text-align-left"><strong>Propiedad intelectual e industrial:</strong><br>Los derechos de propiedad intelectual del contenido de las páginas web, su diseño gráfico y códigos son titularidad de MARÍA DOLORES PÉREZ JIMÉNEZ y, por tanto, queda prohibida su reproducción, distribución, comunicación pública, transformación o cualquier otra actividad que se pueda realizar con los contenidos de sus páginas web ni aun citando las fuentes, salvo consentimiento por escrito de MARÍA DOLORES PÉREZ JIMÉNEZ Todos los nombres comerciales, marcas o signos distintos de cualquier clase contenidos en las páginas web de la Empresa son propiedad de sus dueños y están protegidos por ley.</p><p class="has-text-align-left"><strong>Enlaces (Links):</strong><br>La presencia de enlaces (links) en las páginas web de MARÍA DOLORES PÉREZ JIMÉNEZ tiene finalidad meramente informativa y en ningún caso supone sugerencia, invitación o recomendación sobre los mismos.</p><p></p>

<p>El presente Aviso Legal regula el uso del servicio del portal de Internet con dirección , cuyo responsable a efectos identificativos es: Legislación:Con carácter general las relaciones entre MARÍA DOLORES PÉREZ JIMÉNEZ con los Usuarios de sus servicios telemáticos, presentes en la web, se encuentran sometidas a la legislación y jurisdicción españolas.Las partes renuncian expresamente&hellip;</p>

<!-- This site is optimized with the Yoast SEO plugin v25.1 - https://yoast.com/wordpress/plugins/seo/ -->
<title>Legal Notice - 2L Publicidad</title>
<meta name="robots" content="index, follow, max-snippet:-1, max-image-preview:large, max-video-preview:-1" />
<link rel="canonical" href="https://2lpublicidad.com/en/legal-notice/" />
<meta property="og:locale" content="en_GB" />
<meta property="og:type" content="article" />
<meta property="og:title" content="Legal Notice - 2L Publicidad" />
<meta property="og:description" content="El presente Aviso Legal regula el uso del servicio del portal de Internet con dirección , cuyo responsable a efectos identificativos es: Legislación:Con carácter general las relaciones entre MARÍA DOLORES PÉREZ JIMÉNEZ con los Usuarios de sus servicios telemáticos, presentes en la web, se encuentran sometidas a la legislación y jurisdicción españolas.Las partes renuncian expresamente&hellip;" />
<meta property="og:url" content="https://2lpublicidad.com/en/legal-notice/" />
<meta property="og:site_name" content="2L Publicidad" />
<meta property="article:publisher" content="https://www.facebook.com/imayupublicidad" />
<meta property="article:modified_time" content="2025-10-09T18:13:20+00:00" />
<meta name="twitter:card" content="summary_large_image" />
<meta name="twitter:label1" content="Estimated reading time" />
	<meta name="twitter:data1" content="2 minutes" />
<script type="application/ld+json" class="yoast-schema-graph">{"@context":"https://schema.org","@graph":[{"@type":"WebPage","@id":"https://2lpublicidad.com/legal-notice/","url":"https://2lpublicidad.com/legal-notice/","name":"Legal Notice - 2L Publicidad","isPartOf":{"@id":"https://2lpublicidad.com/#website"},"datePublished":"2025-03-14T12:52:11+00:00","dateModified":"2025-10-09T18:13:20+00:00","breadcrumb":{"@id":"https://2lpublicidad.com/legal-notice/#breadcrumb"},"inLanguage":"en-GB","potentialAction":[{"@type":"ReadAction","target":["https://2lpublicidad.com/legal-notice/"]}]},{"@type":"BreadcrumbList","@id":"https://2lpublicidad.com/legal-notice/#breadcrumb","itemListElement":[{"@type":"ListItem","position":1,"name":"Home","item":"https://2lpublicidad.com/"},{"@type":"ListItem","position":2,"name":"Legal Notice"}]},{"@type":"WebSite","@id":"https://2lpublicidad.com/#website","url":"https://2lpublicidad.com/","name":"2L Publicidad","description":"Diseño &amp; Publicidad","publisher":{"@id":"https://2lpublicidad.com/#organization"},"potentialAction":[{"@type":"SearchAction","target":{"@type":"EntryPoint","urlTemplate":"https://2lpublicidad.com/?s={search_term_string}"},"query-input":{"@type":"PropertyValueSpecification","valueRequired":true,"valueName":"search_term_string"}}],"inLanguage":"en-GB"},{"@type":"Organization","@id":"https://2lpublicidad.com/#organization","name":"2L Publicidad","url":"https://2lpublicidad.com/","logo":{"@type":"ImageObject","inLanguage":"en-GB","@id":"https://2lpublicidad.com/#/schema/logo/image/","url":"https://2lpublicidad.com/wp-content/uploads/2025/02/2L-DEFINITIVO-03.jpg","contentUrl":"https://2lpublicidad.com/wp-content/uploads/2025/02/2L-DEFINITIVO-03.jpg","width":2362,"height":2362,"caption":"2L Publicidad"},"image":{"@id":"https://2lpublicidad.com/#/schema/logo/image/"},"sameAs":["https://www.facebook.com/imayupublicidad","https://www.instagram.com/2lpublicidad"]}]}</script>
<!-- / Yoast SEO plugin. -->

El presente Aviso Legal regula el uso del servicio del portal de Internet con dirección , cuyo responsable a efectos identificativos es: Legislación:Con carácter general las relaciones entre MARÍA DOLORES PÉREZ JIMÉNEZ con los Usuarios de sus servicios telemáticos, presentes en la web, se encuentran sometidas a la legislación y jurisdicción españolas.Las partes renuncian expresamente&hellip;

Diseño &amp; Publicidad
